 digit of 3152?
2
What is the ten thousands digit of 104498?
0
What is the tens digit of 4229?
2
What is the hundreds digit of 4117?
1
What is the hundred thousands digit of 182981?
1
What is the hundreds digit of 8609?
6
What is the tens digit of 1838?
3
What is the hundreds digit of 15854?
8
What is the thousands digit of 1334?
1
What is the units digit of 8520?
0
What is the thousands digit of 15365?
5
What is the tens digit of 17457?
5
What is the units digit of 14118?
8
What is the thousands digit of 26512?
6
What is the thousands digit of 5745?
5
What is the tens digit of 2463?
6
What is the tens digit of 40214?
1
What is the units digit of 4151?
1
What is the tens digit of 11920?
2
What is the tens digit of 3611?
1
What is the hundreds digit of 725?
7
What is the units digit of 27628?
8
What is the hundreds digit of 987?
9
What is the tens digit of 9381?
8
What is the tens digit of 72580?
8
What is the units digit of 33190?
0
What is the units digit of 892?
2
What is the hundreds digit of 13035?
0
What is the units digit of 65445?
5
What is the thousands digit of 8298?
8
What is the tens digit of 44?
4
What is the hundreds digit of 2849?
8
What is the hundreds digit of 5022?
0
What is the hundreds digit of 263?
2
What is the tens digit of 775?
7
What is the thousands digit of 87414?
7
What is the units digit of 31086?
6
What is the units digit of 88453?
3
What is the ten thousands digit of 107337?
0
What is the tens digit of 3213?
1
What is the hundreds digit of 29077?
0
What is the thousands digit of 7106?
7
What is the tens digit of 3336?
3
What is the units digit of 3403?
3
What is the hundreds digit of 8247?
2
What is the tens digit of 62146?
4
What is the thousands digit of 26449?
6
What is the tens digit of 292?
9
What is the hundreds digit of 921?
9
What is the tens digit of 29489?
8
What is the tens digit of 81574?
7
What is the ten thousands digit of 106442?
0
What is the hundreds digit of 4114?
1
What is the hundreds digit of 660?
6
What is the units digit of 112687?
7
What is the hundreds digit of 6577?
5
What is the units digit of 669?
9
What is the ten thousands digit of 152684?
5
What is the thousands digit of 5209?
5
What is the units digit of 15178?
8
What is the thousands digit of 4586?
4
What is the units digit of 781?
1
What is the units digit of 1702?
2
What is the hundreds digit of 69755?
7
What is the tens digit of 694?
9
What is the units digit of 59882?
2
What is the units digit of 907?
7
What is the hundreds digit of 2496?
4
What is the hundreds digit of 4334?
3
What is the hundreds digit of 899?
8
What is the tens digit of 406?
0
What is the tens digit of 3402?
0
What is the thousands digit of 1785?
1
What is the tens digit of 111?
1
What is the units digit of 240?
0
What is the hundreds digit of 15765?
7
What is the hundreds digit of 872?
8
What is the units digit of 1294?
4
What is the tens digit of 2785?
8
What is the tens digit of 4533?
3
What is the hundreds digit of 346?
3
What is the units digit of 674?
4
What is the units digit of 854?
4
What is the thousands digit of 62804?
2
What is the thousands digit of 17692?
7
What is the thousands digit of 11915?
1
What is the units digit of 25761?
1
What is the units digit of 5136?
6
What is the ten thousands digit of 18100?
1
What is the units digit of 4626?
6
What is the tens digit of 345?
4
What is the hundreds digit of 2469?
4
What is the hundreds digit of 34307?
3
What is the ten thousands digit of 13794?
1
What is the units digit of 2727?
7
What is the hundreds digit of 53940?
9
What is the ten thousands digit of 12398?
1
What is the tens digit of 1173?
7
What is the units digit of 1714?
4
What is the thousands digit of 3992?
3
What is the units digit of 912?
2
What is the ten thousands digit of 17154?
1
What is the tens digit of 26785?
8
What is the units digit of 24?
4
What is the units digit of 14018?
8
What is the hundreds digit of 9034?
0
What is the hundreds digit of 38108?
1
What is the tens digit of 497?
9
What is the thousands digit of 4981?
4
What is the tens digit of 622?
2
What is the thousands digit of 1792?
1
What is the tens digit of 157?
5
What is the hundreds digit of 3132?
1
What is the units digit of 1671?
1
What is the thousands digit of 3477?
3
What is the units digit of 69755?
5
What is the units digit of 635?
5
What is the units digit of 58964?
4
What is the units digit of 12935?
5
What is the tens digit of 871?
7
What is the hundreds digit of 1893?
8
What is the ten thousands digit of 58104?
5
What is the thousands digit of 1670?
1
What is the hundreds digit of 5421?
4
What is the thousands digit of 15203?
5
What is the ten thousands digit of 133839?
3
What is the units digit of 1000?
0
What is the units digit of 4306?
6
What is the units digit of 137?
7
What is the hundreds digit of 6042?
0
What is the ten thousands digit of 48867?
4
What is the tens digit of 7650?
5
What is the ten thousands digit of 38672?
3
What is the hundreds digit of 548?
5
What is the tens digit of 19466?
6
What is the ten thousands digit of 146140?
4
What is the hundreds digit of 1393?
3
What is the units digit of 186?
6
What is the thousands digit of 1119?
1
What is the thousands digit of 31940?
1
What is the units digit of 71?
1
What is the tens digit of 87191?
9
What is the units digit of 2296?
6
What is the tens digit of 74599?
9
What is the units digit of 7645?
5
What is the hundreds digit of 19214?
2
What is the tens digit of 47666?
6
What is the units digit of 1410?
0
What is the hundreds digit of 87789?
7
What is the thousands digit of 9024?
9
What is the units digit of 5664?
4
What is the units digit of 3977?
7
What is the thousands digit of 1997?
1
What is the ten thousands digit of 99007?
9
What is the tens digit of 58364?
6
What is the tens digit of 29179?
7
What is the hundreds digit of 869?
8
What is the hundreds digit of 403?
4
What is the thousands digit of 33951?
3
What is the tens digit of 31417?
1
What is the tens digit of 49464?
6
What is the tens digit of 8010?
1
What is the hundreds digit of 6278?
2
What is the thousands digit of 20674?
0
What is the thousands digit of 2241?
2
What is the thousands digit of 34629?
4
What is the thousands digit of 5281?
5
What is the units digit of 2629?
9
What is the units digit of 2262?
2
What is the thousands digit of 1547?
1
What is the tens digit of 2483?
8
What is the hundreds digit of 19594?
5
What is the tens digit of 2552?
5
What is the hundreds digit of 372?
3
What is the units digit of 671?
1
What is the thousands digit of 12722?
2
What is the tens digit of 37?
3
What is the thousands digit of 1777?
1
What is the hundreds digit of 6523?
5
What is the hundreds digit of 3194?
1
What is the tens digit of 7433?
3
What is the units digit of 9113?
3
What is the units digit of 1145?
5
What is the units digit of 60073?
3
What is the units digit of 178821?
1
What is the hundreds digit of 112863?
8
What is the units digit of 9646?
6
What is the thousands digit of 6077?
6
What is the hundreds digit of 1078?
0
What is the hundreds digit of 1525?
5
What is the hundreds digit of 7595?
5
What is the hundreds digit of 174930?
9
What is the tens digit of 275?
7
What is the ten thousands digit of 93035?
9
What is the hundreds digit of 27032?
0
What is the tens digit of 386?
8
What is the thousands digit of 1537?
1
What is the units digit of 8524?
4
What is the units digit of 31743?
3
What is the thousands digit of 1946?
1
What is the units digit of 64601?
1
What is the ten thousands digit of 44104?
4
What is the hundreds digit of 43720?
7
What is the hundreds digit of 37953?
9
What is the thousands digit of 40522?
0
What is the thousands digit of 9895?
9
What is the units digit of 15341?
1
What is the ten thousands digit of 20681?
2
What is the units digit of 3229?
9
What is the thousands digit of 164460?
4
What is the tens digit of 114?
1
What is the hundreds digit of 94071?
0
What is the thousands digit of 1998?
1
What is the hundreds digit of 204595?
5
What is the units digit of 9917?
7
What is the ten thousands digit of 27870?
2
What is the units digit of 905?
5
What is the thousands digit of 2571?
2
What is the hundreds digit of 18919?
9
What is the ten thousands digit of 27403?
2
What is the ten tho